 base 6
4030412
What is 1136061 (base 7) in base 6?
3025320
Convert 3153142 (base 6) to base 7.
1213463
Convert 21931c (base 14) to base 13.
30b7b2
Convert -12122113 (base 6) to base 7.
-3156543
Convert -2115443 (base 6) to base 4.
-121103103
What is 444143 (base 8) in base 3?
21121012212
Convert 21211023 (base 5) to base 9.
302344
What is -805ca (base 16) in base 15?
-a5bb5
578359 (base 11) to base 10
918817
What is 3763295 (base 10) in base 13?
a19c03
Convert 11101110011000000 (base 2) to base 9.
205368
Convert 119152 (base 11) to base 5.
22002344
Convert -157355 (base 9) to base 7.
-553346
81453a (base 14) to base 16
426bf8
Convert 211122012022 (base 3) to base 5.
103224222
What is -21030244 (base 5) in base 7?
-1322530
Convert -9c436b (base 13) to base 16.
-385cb9
What is -14576307 (base 8) in base 14?
-62da75
Convert 120021212202212 (base 3) to base 6.
450103422
26260041 (base 7) to base 15
326639
-513541155 (base 6) to base 15
-ba0d25
What is -31222011020 (base 4) in base 10?
-3580232
Convert -3bcd2 (base 14) to base 9.
-244868
What is -1001100010100011110 (base 2) in base 16?
-4c51e
What is 11b75c (base 16) in base 10?
1161052
323152 (base 6) to base 8
64014
323033230 (base 4) to base 16
3b3ec
What is 10263098 (base 10) in base 11?
587a8aa
3b18a7 (base 12) to base 3
1211200000101
What is 10011210100 (base 3) in base 6?
1201313
-62063105 (base 7) to base 4
-103303211231
Convert 629013 (base 10) to base 2.
10011001100100010101
ccc57 (base 16) to base 7
10062213
Convert -3ddc8 (base 14) to base 11.
-a5487
What is 1b6a8b (base 16) in base 14?
34ab11
Convert -35674 (base 11) to base 6.
-1033521
What is 100001000110001100010110 (base 2) in base 15?
b65a7d
Convert 121122200201120 (base 3) to base 11.
4aa6142
What is 42101303 (base 5) in base 9?
578082
-1241030231 (base 5) to base 16
-2ec279
26647165 (base 8) to base 15
7d2ee1
What is 10222330241 (base 5) in base 3?
202012221022202
What is -b93ccc (base 13) in base 14?
-813427
Convert 254893 (base 10) to base 12.
103611
11021120022112 (base 3) to base 15
2edec5
Convert -1052205 (base 7) to base 5.
-13133233
What is -321240102 (base 5) in base 2?
-101001010001101001111
Convert 2312413 (base 7) to base 8.
1064364
Convert -2120220101 (base 3) to base 12.
-255a7
-212002022121 (base 3) to base 5
-104020044
-1340320120 (base 5) to base 8
-15116540
Convert -62015420 (base 8) to base 13.
-2942151
What is 21022112001 (base 3) in base 10?
143992
-3d239 (base 14) to base 10
-151363
What is 510389 (base 11) in base 15?
113106
Convert 503108 (base 9) to base 10.
297521
310361 (base 7) to base 14
15468
-1000020121200 (base 3) to base 13
-15a122
-27ac (base 14) to base 12
-4084
What is -221200212101 (base 3) in base 2?
-1111011011111100100
Convert 1111001111011 (base 2) to base 9.
11630
Convert -2644301 (base 8) to base 5.
-142131041
-2311041133 (base 5) to base 3
-100201220010202
Convert -212202002222220 (base 3) to base 4.
-300020303223
-101010110001000110111 (base 2) to base 16
-156237
Convert 208204 (base 12) to base 8.
1747444
What is -120000303 (base 4) in base 7?
-556515
Convert -7175a3 (base 12) to base 15.
-251119
1100000100001011110 (base 2) to base 12
170966
Convert 1011201122 (base 3) to base 10.
23129
Convert 682383 (base 9) to base 7.
3321063
Convert 20543205 (base 9) to base 10.
9889781
What is 859533 (base 10) in base 12?
3554b9
-476cb (base 15) to base 3
-102120022002
1023121340 (base 6) to base 15
e317bc
70456 (base 10) to base 11
48a31
-36a127 (base 15) to base 12
-a619a7
Convert 242648 (base 14) to base 16.
12dc48
Convert -1101110000100110101 (base 2) to base 10.
-450869
What is 1a2636a (base 13) in base 4?
200312031032
-134404230 (base 6) to base 16
-29c7ba
1348240 (base 13) to base 3
102102112110011
What is 7403230 (base 8) in base 13?
53b87a
Convert -5c2958 (base 13) to base 10.
-2205185
What is 2190817 (base 11) in base 9?
7187243
Convert -360015 (base 14) to base 12.
-74b157
-10110110000001001011 (base 2) to base 10
-745547
What is 10201021220211 (base 3) in base 10?
1974073
11214232 (base 6) to base 8
1240514
What is 83bb10 (base 12) in base 7?
23424045
Convert d763 (base 15) to base 10.
45543
Convert -ce55 (base 15) to base 12.
-21382
Convert -8a7e8c (base 16) to base 14.
-12c39da
What is -186db (base 15) in base 5?
-10013211
-3382a2 (base 11) to base 7
-4400512
-140003141 (base 6) to base 16
-2ab9c5
What is 9464 (base 12) in base 10?
16204
-10642034 (base 7) to base 14
-1a48c4
11302523 (base 6) to base 10
350547
174138 (base 11) to base 6
5433252
-4912a8 (base 15) to base 16
-355c94
What is 936cc (base 14) in base 9?
601373
423413424 (base 5) to base 4
12302120213
-7711 (base 13) to base 8
-40300
Convert b7436 (base 16) to base 6.
24031114
Convert 60d7c6 (base 14) to base 10.
3264162
-3229b6 (base 12) to base 16
-c191a
263145 (base 8) to base 15
1c2b9
What is -1344514 (base 7) in base 4?
-223301212
-3621340 (base 9) to base 6
-110022443
11220102011021 (base 3) to base 12
a5832a
Convert 27355620 (base 8) to base 7.
103166052
What is -221020110120121 (base 3) in base 16?
-ccabac
Convert 22212020201 (base 3) to base 14.
477c0
What is 76a17 (base 13) in base 9?
356607
Convert -36499 (base 14) to base 3.
-20201221021
What is -12200210110 (base 3) in base 9?
-180713
Convert -3113102 (base 5) to base 16.
-c753
What is -46631 (base 13) in base 7?
-1043402
-2660444 (base 7) to base 10
-350774
Convert -21022211121111 (base 3) to base 2.
-1110110110101100010010
4342004203 (base 5) to base 3
122112221112121
-1900b04 (base 14) to base 7
-210106204
Convert 9cd2 (base 15) to base 7.
166001
What is -5476572 (base 9) in base 12?
-b9b978
Convert -2553242 (base 6) to base 12.
-68822
Convert -1020012022212 (base 3) to base 16.
-9f86f
What is 2000033113 (base 4) in base 2?
10000000001111010111
What is -202023 (base 5) in base 8?
-14561
1981311 (base 10) to base 5
1001400221
-cc9983 (base 13) to base 9
-10055275
What is 36579a (base 14) in base 10?
1859196
What is 1a16b20 (base 13) in base 15?
b48347
10111100000110001 (base 2) to base 5
11040210
Convert 537101 (base 8) to base 3.
100010121102
What is -36360443 (base 7) in base 3?
-20002200121102
Convert 2256446 (base 10) to base 7.
25115363
Convert acf4 (base 16) to base 2.
1010110011110100
Convert -177722 (base 9) to base 10.
-110666
Convert -12401210 (base 5) to base 6.
-2341023
2861833 (base 9) to base 10
1576047
What is -51442 (base 9) in base 7?
-200552
What is 165017 (base 10) in base 15?
33d62
What is -47b468 (base 13) in base 6?
-100352444
-206830 (base 10) to base 8
-623756
Convert 162833 (base 15) to base 14.
1dc7d9
What is 3320234011 (base 5) in base 14?
d546d5
Convert -14604216 (base 7) to base 12.
-574180
efb9 (base 16) to base 9
103157
Convert -42531 (base 8) to base 7.
-102521
Convert 11222011212 (base 3) to base 9.
158155
What is bb9683 (base 14) in base 15?
85ac37
-18c31 (base 14) to base 5
-4002023
1011001001100011001 (base 2) to base 6
11455213
-20101002012 (base 3) to base 14
-33a07
Convert 1256125 (base 7) to base 12.
7b86a
10122223130 (base 4) to base 16
11aadc
4b886 (base 15) to base 14
64059
-102212101211002 (base 3) to base 8
-30035216
What is 46026436 (base 7) in base 13?
aa3bc3
What is 147a44 (base 15) in base 3?
1212012000201
What is 102221111112 (base 3) in base 8?
713137
16907 (base 15) to base 10
72907
Convert 10629 (base 12) to base 9.
32606
What is 22000222000 (base 3) in base 13?
56cb8
5230571 (base 11) to base 13
1bac8bc
What is -1100001101000000001 (base 2) in base 4?
-1201220001
-39893 (base 10) to base 14
-10777
Convert -100101111111100 (base 2) to base 8.
-45774
3748 (base 12) to base 15
1cb8
-30304213 (base 6) to base 11
-540219
Convert 21012012222222 (base 3) to base 2.
1110100101010100011011
Convert -24716 (base 9) to base 4.
-10003230
What is -b947 (base 15) in base 14?
-10413
-26923 (base 13) to base 14
-1c286
Convert 55424 (base 6) to base 2.
1111000101000
What is -8b892 (base 14) in base 5?
-41323313
Convert 100020031 (base 4) to base 7.
363412
What is -1110100101100010100 (base 2) in base 12?
-1b0730
What is 1100110001101011000 (base 2) in base 4?
1212031120
What is 1277475 (base 11) in base 14?
415d3b
-12412012 (base 5) to base 12
-5b059
-55a407 (base 11) to base 5
-212023021
Convert 4032141310 (base 